{"id":2131,"date":"2024-08-21T13:03:08","date_gmt":"2024-08-21T11:03:08","guid":{"rendered":"https:\/\/www.jaegerhaus-sehlde.de\/?page_id=2131"},"modified":"2024-08-23T09:03:38","modified_gmt":"2024-08-23T07:03:38","slug":"anfahrt","status":"publish","type":"page","link":"https:\/\/www.jaegerhaus-sehlde.de\/?page_id=2131","title":{"rendered":"Anfahrt"},"content":{"rendered":"\n<h4 class=\"wp-block-heading\"><strong>Hier finden Sie das J\u00e4gerhaus<\/strong><\/h4>\n\n\n\n<p>J\u00e4gerhaus Sehlde<br>Im Hainberg 1 <br>38279 Sehlde<br><br><\/p>\n\n\n\n<i class=\"fa fa-map\"><\/i> <b><a href=\"https:\/\/maps.app.goo.gl\/MpVGdf2Ay6DW3kUo6\" target=\"_blank\" rel=\"noopener\">Bei Google Maps ansehen<\/a><\/b>\n\n\n\n<p><\/p>\n\n\n\n<p><\/p>\n\n\n\n<p><br><br><strong>Parkm\u00f6glichkeiten<\/strong><\/p>\n\n\n\n<p>Es stehen zwei Parkm\u00f6glichkeiten f\u00fcr Besucher des J\u00e4gerhauses zur Verf\u00fcgung.<\/p>\n\n\n\n<p><strong>P1&nbsp;<\/strong>ist der Parkplatz direkt am&nbsp;<strong>J\u00e4gerhaus<\/strong><\/p>\n\n\n\n<p><strong>P2<\/strong>&nbsp;ist der Parkplatz \u201e<strong>Potsdamer Platz<\/strong>\u201c &nbsp;an der L498<\/p>\n\n\n\n<p>Wenn unser Parkplatz am J\u00e4gerhaus belegt ist, nutzen Sie bitte den Parkplatz \u201ePotsdamer Platz\u201c an der Landesstra\u00dfe. Der gut ausgebaute Parkplatz bietet reichlich Platz und es f\u00fchrt ein sch\u00f6ner Fu\u00dfweg durch den Wald direkt zum J\u00e4gerhaus. Die Wegstrecke betr\u00e4gt etwa 500 Meter. Sie sollten festes Schuhwerk tragen und trittsicher sein, es handelt sich hier um einen Naturpfad, der nicht befestigt ist!<\/p>\n\n\n\n<p><strong>Bitte beachten Sie, dass auf den Forstwegen rund um das J\u00e4gerhaus nicht geparkt werden darf und diese als Rettungswege immer frei gehalten werden m\u00fcssen!<\/strong><br><br><\/p>\n\n\n\n<figure class=\"wp-block-image size-large\"><img loading=\"lazy\" decoding=\"async\" width=\"1020\" height=\"574\" src=\"https:\/\/www.jaegerhaus-sehlde.de\/wp-content\/uploads\/2024\/08\/Karte_V01-1-1020x574.jpg\" alt=\"\" class=\"wp-image-2164\" style=\"object-fit:cover\" srcset=\"https:\/\/www.jaegerhaus-sehlde.de\/wp-content\/uploads\/2024\/08\/Karte_V01-1-1020x574.jpg 1020w, https:\/\/www.jaegerhaus-sehlde.de\/wp-content\/uploads\/2024\/08\/Karte_V01-1-632x355.jpg 632w, https:\/\/www.jaegerhaus-sehlde.de\/wp-content\/uploads\/2024\/08\/Karte_V01-1-768x432.jpg 768w, https:\/\/www.jaegerhaus-sehlde.de\/wp-content\/uploads\/2024\/08\/Karte_V01-1-1536x864.jpg 1536w, https:\/\/www.jaegerhaus-sehlde.de\/wp-content\/uploads\/2024\/08\/Karte_V01-1-2048x1152.jpg 2048w\" sizes=\"auto, (max-width: 1020px) 100vw, 1020px\" \/><\/figure>\n","protected":false},"excerpt":{"rendered":"<p>Hier finden Sie das J\u00e4gerhaus J\u00e4gerhaus SehldeIm Hainberg 1 38279 Sehlde Bei Google Maps ansehen Parkm\u00f6glichkeiten Es stehen zwei Parkm\u00f6glichkeiten f\u00fcr Besucher des J\u00e4gerhauses zur Verf\u00fcgung. P1&nbsp;ist der Parkplatz direkt am&nbsp;J\u00e4gerhaus P2&nbsp;ist der Parkplatz \u201ePotsdamer Platz\u201c &nbsp;an der L498 Wenn unser Parkplatz am J\u00e4gerhaus belegt ist, nutzen Sie bitte den Parkplatz \u201ePotsdamer Platz\u201c an der [&hellip;]<\/p>\n","protected":false},"author":1,"featured_media":0,"parent":0,"menu_order":0,"comment_status":"closed","ping_status":"closed","template":"","meta":{"footnotes":""},"class_list":["post-2131","page","type-page","status-publish","hentry"],"yoast_head":"<!-- This site is optimized with the Yoast SEO plugin v27.0 - https:\/\/yoast.com\/product\/yoast-seo-wordpress\/ -->\n<title>Anfahrt - J\u00e4gerhaus Sehlde<\/title>\n<meta name=\"robots\" content=\"index, follow, max-snippet:-1, max-image-preview:large, max-video-preview:-1\" \/>\n<link rel=\"canonical\" href=\"https:\/\/www.jaegerhaus-sehlde.de\/?page_id=2131\" \/>\n<meta property=\"og:locale\" content=\"de_DE\" \/>\n<meta property=\"og:type\" content=\"article\" \/>\n<meta property=\"og:title\" content=\"Anfahrt - J\u00e4gerhaus Sehlde\" \/>\n<meta property=\"og:description\" content=\"Hier finden Sie das J\u00e4gerhaus J\u00e4gerhaus SehldeIm Hainberg 1 38279 Sehlde Bei Google Maps ansehen Parkm\u00f6glichkeiten Es stehen zwei Parkm\u00f6glichkeiten f\u00fcr Besucher des J\u00e4gerhauses zur Verf\u00fcgung. P1&nbsp;ist der Parkplatz direkt am&nbsp;J\u00e4gerhaus P2&nbsp;ist der Parkplatz \u201ePotsdamer Platz\u201c &nbsp;an der L498 Wenn unser Parkplatz am J\u00e4gerhaus belegt ist, nutzen Sie bitte den Parkplatz \u201ePotsdamer Platz\u201c an der [&hellip;]\" \/>\n<meta property=\"og:url\" content=\"https:\/\/www.jaegerhaus-sehlde.de\/?page_id=2131\" \/>\n<meta property=\"og:site_name\" content=\"J\u00e4gerhaus Sehlde\" \/>\n<meta property=\"article:publisher\" content=\"https:\/\/www.facebook.com\/JaegerhausSehlde\/\" \/>\n<meta property=\"article:modified_time\" content=\"2024-08-23T07:03:38+00:00\" \/>\n<meta property=\"og:image\" content=\"https:\/\/www.jaegerhaus-sehlde.de\/wp-content\/uploads\/2024\/08\/Karte_V01-1-1020x574.jpg\" \/>\n<meta name=\"twitter:card\" content=\"summary_large_image\" \/>\n<meta name=\"twitter:label1\" content=\"Gesch\u00e4tzte Lesezeit\" \/>\n\t<meta name=\"twitter:data1\" content=\"1\u00a0Minute\" \/>\n<script type=\"application\/ld+json\" class=\"yoast-schema-graph\">{\"@context\":\"https:\/\/schema.org\",\"@graph\":[{\"@type\":\"WebPage\",\"@id\":\"https:\/\/www.jaegerhaus-sehlde.de\/?page_id=2131\",\"url\":\"https:\/\/www.jaegerhaus-sehlde.de\/?page_id=2131\",\"name\":\"Anfahrt - J\u00e4gerhaus Sehlde\",\"isPartOf\":{\"@id\":\"https:\/\/www.jaegerhaus-sehlde.de\/#website\"},\"primaryImageOfPage\":{\"@id\":\"https:\/\/www.jaegerhaus-sehlde.de\/?page_id=2131#primaryimage\"},\"image\":{\"@id\":\"https:\/\/www.jaegerhaus-sehlde.de\/?page_id=2131#primaryimage\"},\"thumbnailUrl\":\"https:\/\/www.jaegerhaus-sehlde.de\/wp-content\/uploads\/2024\/08\/Karte_V01-1-1020x574.jpg\",\"datePublished\":\"2024-08-21T11:03:08+00:00\",\"dateModified\":\"2024-08-23T07:03:38+00:00\",\"breadcrumb\":{\"@id\":\"https:\/\/www.jaegerhaus-sehlde.de\/?page_id=2131#breadcrumb\"},\"inLanguage\":\"de\",\"potentialAction\":[{\"@type\":\"ReadAction\",\"target\":[\"https:\/\/www.jaegerhaus-sehlde.de\/?page_id=2131\"]}]},{\"@type\":\"ImageObject\",\"inLanguage\":\"de\",\"@id\":\"https:\/\/www.jaegerhaus-sehlde.de\/?page_id=2131#primaryimage\",\"url\":\"https:\/\/www.jaegerhaus-sehlde.de\/wp-content\/uploads\/2024\/08\/Karte_V01-1.jpg\",\"contentUrl\":\"https:\/\/www.jaegerhaus-sehlde.de\/wp-content\/uploads\/2024\/08\/Karte_V01-1.jpg\",\"width\":2500,\"height\":1406},{\"@type\":\"BreadcrumbList\",\"@id\":\"https:\/\/www.jaegerhaus-sehlde.de\/?page_id=2131#breadcrumb\",\"itemListElement\":[{\"@type\":\"ListItem\",\"position\":1,\"name\":\"Startseite\",\"item\":\"https:\/\/www.jaegerhaus-sehlde.de\/\"},{\"@type\":\"ListItem\",\"position\":2,\"name\":\"Anfahrt\"}]},{\"@type\":\"WebSite\",\"@id\":\"https:\/\/www.jaegerhaus-sehlde.de\/#website\",\"url\":\"https:\/\/www.jaegerhaus-sehlde.de\/\",\"name\":\"J\u00e4gerhaus Sehlde\",\"description\":\"\",\"publisher\":{\"@id\":\"https:\/\/www.jaegerhaus-sehlde.de\/#organization\"},\"potentialAction\":[{\"@type\":\"SearchAction\",\"target\":{\"@type\":\"EntryPoint\",\"urlTemplate\":\"https:\/\/www.jaegerhaus-sehlde.de\/?s={search_term_string}\"},\"query-input\":{\"@type\":\"PropertyValueSpecification\",\"valueRequired\":true,\"valueName\":\"search_term_string\"}}],\"inLanguage\":\"de\"},{\"@type\":\"Organization\",\"@id\":\"https:\/\/www.jaegerhaus-sehlde.de\/#organization\",\"name\":\"J\u00e4gerhaus Sehlde\",\"url\":\"https:\/\/www.jaegerhaus-sehlde.de\/\",\"logo\":{\"@type\":\"ImageObject\",\"inLanguage\":\"de\",\"@id\":\"https:\/\/www.jaegerhaus-sehlde.de\/#\/schema\/logo\/image\/\",\"url\":\"https:\/\/www.jaegerhaus-sehlde.de\/wp-content\/uploads\/2022\/03\/logo_ligthgreen.png\",\"contentUrl\":\"https:\/\/www.jaegerhaus-sehlde.de\/wp-content\/uploads\/2022\/03\/logo_ligthgreen.png\",\"width\":1499,\"height\":493,\"caption\":\"J\u00e4gerhaus Sehlde\"},\"image\":{\"@id\":\"https:\/\/www.jaegerhaus-sehlde.de\/#\/schema\/logo\/image\/\"},\"sameAs\":[\"https:\/\/www.facebook.com\/JaegerhausSehlde\/\",\"https:\/\/www.instagram.com\/jaegerhaus_sehlde\/\"]}]}<\/script>\n<!-- \/ Yoast SEO plugin. -->","yoast_head_json":{"title":"Anfahrt - J\u00e4gerhaus Sehlde","robots":{"index":"index","follow":"follow","max-snippet":"max-snippet:-1","max-image-preview":"max-image-preview:large","max-video-preview":"max-video-preview:-1"},"canonical":"https:\/\/www.jaegerhaus-sehlde.de\/?page_id=2131","og_locale":"de_DE","og_type":"article","og_title":"Anfahrt - J\u00e4gerhaus Sehlde","og_description":"Hier finden Sie das J\u00e4gerhaus J\u00e4gerhaus SehldeIm Hainberg 1 38279 Sehlde Bei Google Maps ansehen Parkm\u00f6glichkeiten Es stehen zwei Parkm\u00f6glichkeiten f\u00fcr Besucher des J\u00e4gerhauses zur Verf\u00fcgung. P1&nbsp;ist der Parkplatz direkt am&nbsp;J\u00e4gerhaus P2&nbsp;ist der Parkplatz \u201ePotsdamer Platz\u201c &nbsp;an der L498 Wenn unser Parkplatz am J\u00e4gerhaus belegt ist, nutzen Sie bitte den Parkplatz \u201ePotsdamer Platz\u201c an der [&hellip;]","og_url":"https:\/\/www.jaegerhaus-sehlde.de\/?page_id=2131","og_site_name":"J\u00e4gerhaus Sehlde","article_publisher":"https:\/\/www.facebook.com\/JaegerhausSehlde\/","article_modified_time":"2024-08-23T07:03:38+00:00","og_image":[{"url":"https:\/\/www.jaegerhaus-sehlde.de\/wp-content\/uploads\/2024\/08\/Karte_V01-1-1020x574.jpg","type":"","width":"","height":""}],"twitter_card":"summary_large_image","twitter_misc":{"Gesch\u00e4tzte Lesezeit":"1\u00a0Minute"},"schema":{"@context":"https:\/\/schema.org","@graph":[{"@type":"WebPage","@id":"https:\/\/www.jaegerhaus-sehlde.de\/?page_id=2131","url":"https:\/\/www.jaegerhaus-sehlde.de\/?page_id=2131","name":"Anfahrt - J\u00e4gerhaus Sehlde","isPartOf":{"@id":"https:\/\/www.jaegerhaus-sehlde.de\/#website"},"primaryImageOfPage":{"@id":"https:\/\/www.jaegerhaus-sehlde.de\/?page_id=2131#primaryimage"},"image":{"@id":"https:\/\/www.jaegerhaus-sehlde.de\/?page_id=2131#primaryimage"},"thumbnailUrl":"https:\/\/www.jaegerhaus-sehlde.de\/wp-content\/uploads\/2024\/08\/Karte_V01-1-1020x574.jpg","datePublished":"2024-08-21T11:03:08+00:00","dateModified":"2024-08-23T07:03:38+00:00","breadcrumb":{"@id":"https:\/\/www.jaegerhaus-sehlde.de\/?page_id=2131#breadcrumb"},"inLanguage":"de","potentialAction":[{"@type":"ReadAction","target":["https:\/\/www.jaegerhaus-sehlde.de\/?page_id=2131"]}]},{"@type":"ImageObject","inLanguage":"de","@id":"https:\/\/www.jaegerhaus-sehlde.de\/?page_id=2131#primaryimage","url":"https:\/\/www.jaegerhaus-sehlde.de\/wp-content\/uploads\/2024\/08\/Karte_V01-1.jpg","contentUrl":"https:\/\/www.jaegerhaus-sehlde.de\/wp-content\/uploads\/2024\/08\/Karte_V01-1.jpg","width":2500,"height":1406},{"@type":"BreadcrumbList","@id":"https:\/\/www.jaegerhaus-sehlde.de\/?page_id=2131#breadcrumb","itemListElement":[{"@type":"ListItem","position":1,"name":"Startseite","item":"https:\/\/www.jaegerhaus-sehlde.de\/"},{"@type":"ListItem","position":2,"name":"Anfahrt"}]},{"@type":"WebSite","@id":"https:\/\/www.jaegerhaus-sehlde.de\/#website","url":"https:\/\/www.jaegerhaus-sehlde.de\/","name":"J\u00e4gerhaus Sehlde","description":"","publisher":{"@id":"https:\/\/www.jaegerhaus-sehlde.de\/#organization"},"potentialAction":[{"@type":"SearchAction","target":{"@type":"EntryPoint","urlTemplate":"https:\/\/www.jaegerhaus-sehlde.de\/?s={search_term_string}"},"query-input":{"@type":"PropertyValueSpecification","valueRequired":true,"valueName":"search_term_string"}}],"inLanguage":"de"},{"@type":"Organization","@id":"https:\/\/www.jaegerhaus-sehlde.de\/#organization","name":"J\u00e4gerhaus Sehlde","url":"https:\/\/www.jaegerhaus-sehlde.de\/","logo":{"@type":"ImageObject","inLanguage":"de","@id":"https:\/\/www.jaegerhaus-sehlde.de\/#\/schema\/logo\/image\/","url":"https:\/\/www.jaegerhaus-sehlde.de\/wp-content\/uploads\/2022\/03\/logo_ligthgreen.png","contentUrl":"https:\/\/www.jaegerhaus-sehlde.de\/wp-content\/uploads\/2022\/03\/logo_ligthgreen.png","width":1499,"height":493,"caption":"J\u00e4gerhaus Sehlde"},"image":{"@id":"https:\/\/www.jaegerhaus-sehlde.de\/#\/schema\/logo\/image\/"},"sameAs":["https:\/\/www.facebook.com\/JaegerhausSehlde\/","https:\/\/www.instagram.com\/jaegerhaus_sehlde\/"]}]}},"rttpg_featured_image_url":null,"rttpg_author":{"display_name":"Administrator","author_link":"https:\/\/www.jaegerhaus-sehlde.de\/?author=1"},"rttpg_comment":0,"rttpg_category":null,"rttpg_excerpt":"Hier finden Sie das J\u00e4gerhaus J\u00e4gerhaus SehldeIm Hainberg 1 38279 Sehlde Bei Google Maps ansehen Parkm\u00f6glichkeiten Es stehen zwei Parkm\u00f6glichkeiten f\u00fcr Besucher des J\u00e4gerhauses zur Verf\u00fcgung. P1&nbsp;ist der Parkplatz direkt am&nbsp;J\u00e4gerhaus P2&nbsp;ist der Parkplatz \u201ePotsdamer Platz\u201c &nbsp;an der L498 Wenn unser Parkplatz am J\u00e4gerhaus belegt ist, nutzen Sie bitte den Parkplatz \u201ePotsdamer Platz\u201c an der&hellip;","_links":{"self":[{"href":"https:\/\/www.jaegerhaus-sehlde.de\/index.php?rest_route=\/wp\/v2\/pages\/2131","targetHints":{"allow":["GET"]}}],"collection":[{"href":"https:\/\/www.jaegerhaus-sehlde.de\/index.php?rest_route=\/wp\/v2\/pages"}],"about":[{"href":"https:\/\/www.jaegerhaus-sehlde.de\/index.php?rest_route=\/wp\/v2\/types\/page"}],"author":[{"embeddable":true,"href":"https:\/\/www.jaegerhaus-sehlde.de\/index.php?rest_route=\/wp\/v2\/users\/1"}],"replies":[{"embeddable":true,"href":"https:\/\/www.jaegerhaus-sehlde.de\/index.php?rest_route=%2Fwp%2Fv2%2Fcomments&post=2131"}],"version-history":[{"count":16,"href":"https:\/\/www.jaegerhaus-sehlde.de\/index.php?rest_route=\/wp\/v2\/pages\/2131\/revisions"}],"predecessor-version":[{"id":2189,"href":"https:\/\/www.jaegerhaus-sehlde.de\/index.php?rest_route=\/wp\/v2\/pages\/2131\/revisions\/2189"}],"wp:attachment":[{"href":"https:\/\/www.jaegerhaus-sehlde.de\/index.php?rest_route=%2Fwp%2Fv2%2Fmedia&parent=2131"}],"curies":[{"name":"wp","href":"https:\/\/api.w.org\/{rel}","templated":true}]}}