{"id":1708,"date":"2022-03-15T14:30:26","date_gmt":"2022-03-15T13:30:26","guid":{"rendered":"http:\/\/www.jaegerhaus-sehlde.de\/?page_id=1708"},"modified":"2023-01-10T09:23:18","modified_gmt":"2023-01-10T08:23:18","slug":"aussenstelle-standesamt","status":"publish","type":"page","link":"https:\/\/www.jaegerhaus-sehlde.de\/?page_id=1708","title":{"rendered":"Ambiente-Trauung"},"content":{"rendered":"\n<p>Sie m\u00f6chten sich standesamtlich trauen lassen?<br><br>Wir freuen uns, dass wir Ihnen f\u00fcr dieses wichtige Ereignis in Ihrem Leben die Nutzung des J\u00e4gerhauses anbieten k\u00f6nnen. Das Geb\u00e4ude ist in den letzten Jahren aufwendig\u00a0restauriert worden und ist f\u00fcr die\u00a0Durchf\u00fchrung von\u00a0Ambiente-Trauungen sehr gut geeignet.\u00a0<br><br>Die Vornahme der Trauung erfolgt durch das Standesamt Baddeckenstedt und ist somit rechtlich\u00a0gesichert und inhaltlich geregelt.<br><br>Sie k\u00f6nnen das Turm- und J\u00e4gerzimmer in den Monaten Mai bis September am 2.\u00a0Wochenende im Monat (Freitag und Samstag jeweils am Vormittag um\u00a010:00 Uhr oder 11:00 Uhr) f\u00fcr Ihre Trauung nutzen. Weitere Termine k\u00f6nnen beim Standesamt Baddeckenstedt erfragt werden.\u00a0<\/p>\n\n\n\n<p><\/p>\n\n\n\n<p>Das Nutzungsentgelt betr\u00e4gt 150 Euro und wird direkt bei der Samtgemeinde Baddeckenstedt entrichtet.<br><\/p>\n\n\n\n<p><br>Die Nutzung dieses Angebots ist unabh\u00e4ngig davon, ob Sie unser Haus auch f\u00fcr Ihre Feier nutzen werden oder nicht.<\/p>\n\n\n\n<div class=\"wp-block-group jh-highlight-block\"><div class=\"wp-block-group__inner-container is-layout-flow wp-block-group-is-layout-flow\">\n<p>F\u00fcr Fragen oder Ihre Buchung steht Ihnen das Standesamt der Samtgemeinde Baddeckenstedt zur Verf\u00fcgung:<\/p>\n\n\n\n<p><b>Samtgemeinde Baddeckenstedt<\/b><br>&#8211; Amt II Standesamt\/Feuerwehrwesen &#8211;<\/p>\n\n\n\n<p>Marion Stechert<br>Heerer Stra\u00dfe 28<br>38271 Baddeckenstedt<\/p>\n\n\n\n<p><a href=\"mailto: standesamt@baddeckenstedt.de\">standesamt@baddeckenstedt.de<\/a><\/p>\n\n\n\n<p><a href=\"http:\/\/www.baddeckenstedt.de\/\">www.baddeckenstedt.de<\/a><\/p>\n\n\n\n<p><i class=\"fa fa-phone\" style=\"vertical-align: middle;\"><\/i> 05345-498-25<\/p>\n<\/div><\/div>\n","protected":false},"excerpt":{"rendered":"<p>Sie m\u00f6chten sich standesamtlich trauen lassen? Wir freuen uns, dass wir Ihnen f\u00fcr dieses wichtige Ereignis in Ihrem Leben die Nutzung des J\u00e4gerhauses anbieten k\u00f6nnen. Das Geb\u00e4ude ist in den letzten Jahren aufwendig\u00a0restauriert worden und ist f\u00fcr die\u00a0Durchf\u00fchrung von\u00a0Ambiente-Trauungen sehr gut geeignet.\u00a0 Die Vornahme der Trauung erfolgt durch das Standesamt Baddeckenstedt und ist somit rechtlich\u00a0gesichert [&hellip;]<\/p>\n","protected":false},"author":1,"featured_media":0,"parent":0,"menu_order":0,"comment_status":"closed","ping_status":"closed","template":"","meta":{"footnotes":""},"class_list":["post-1708","page","type-page","status-publish","hentry"],"yoast_head":"<!-- This site is optimized with the Yoast SEO plugin v27.0 - https:\/\/yoast.com\/product\/yoast-seo-wordpress\/ -->\n<title>Ambiente-Trauung - J\u00e4gerhaus Sehlde<\/title>\n<meta name=\"description\" content=\"Trauung &amp; Hochzeit im J\u00e4gerhaus Sehlde. Von der einzigartigen Ambiente Trauung bis zur Ausrichtung der Feierlichkeiten.\" \/>\n<meta name=\"robots\" content=\"index, follow, max-snippet:-1, max-image-preview:large, max-video-preview:-1\" \/>\n<link rel=\"canonical\" href=\"https:\/\/www.jaegerhaus-sehlde.de\/?page_id=1708\" \/>\n<meta property=\"og:locale\" content=\"de_DE\" \/>\n<meta property=\"og:type\" content=\"article\" \/>\n<meta property=\"og:title\" content=\"Ambiente-Trauung - J\u00e4gerhaus Sehlde\" \/>\n<meta property=\"og:description\" content=\"Trauung &amp; Hochzeit im J\u00e4gerhaus Sehlde. Von der einzigartigen Ambiente Trauung bis zur Ausrichtung der Feierlichkeiten.\" \/>\n<meta property=\"og:url\" content=\"https:\/\/www.jaegerhaus-sehlde.de\/?page_id=1708\" \/>\n<meta property=\"og:site_name\" content=\"J\u00e4gerhaus Sehlde\" \/>\n<meta property=\"article:publisher\" content=\"https:\/\/www.facebook.com\/JaegerhausSehlde\/\" \/>\n<meta property=\"article:modified_time\" content=\"2023-01-10T08:23:18+00:00\" \/>\n<meta name=\"twitter:card\" content=\"summary_large_image\" \/>\n<meta name=\"twitter:label1\" content=\"Gesch\u00e4tzte Lesezeit\" \/>\n\t<meta name=\"twitter:data1\" content=\"1\u00a0Minute\" \/>\n<script type=\"application\/ld+json\" class=\"yoast-schema-graph\">{\"@context\":\"https:\/\/schema.org\",\"@graph\":[{\"@type\":\"WebPage\",\"@id\":\"https:\/\/www.jaegerhaus-sehlde.de\/?page_id=1708\",\"url\":\"https:\/\/www.jaegerhaus-sehlde.de\/?page_id=1708\",\"name\":\"Ambiente-Trauung - J\u00e4gerhaus Sehlde\",\"isPartOf\":{\"@id\":\"https:\/\/www.jaegerhaus-sehlde.de\/#website\"},\"datePublished\":\"2022-03-15T13:30:26+00:00\",\"dateModified\":\"2023-01-10T08:23:18+00:00\",\"description\":\"Trauung & Hochzeit im J\u00e4gerhaus Sehlde. Von der einzigartigen Ambiente Trauung bis zur Ausrichtung der Feierlichkeiten.\",\"breadcrumb\":{\"@id\":\"https:\/\/www.jaegerhaus-sehlde.de\/?page_id=1708#breadcrumb\"},\"inLanguage\":\"de\",\"potentialAction\":[{\"@type\":\"ReadAction\",\"target\":[\"https:\/\/www.jaegerhaus-sehlde.de\/?page_id=1708\"]}]},{\"@type\":\"BreadcrumbList\",\"@id\":\"https:\/\/www.jaegerhaus-sehlde.de\/?page_id=1708#breadcrumb\",\"itemListElement\":[{\"@type\":\"ListItem\",\"position\":1,\"name\":\"Startseite\",\"item\":\"https:\/\/www.jaegerhaus-sehlde.de\/\"},{\"@type\":\"ListItem\",\"position\":2,\"name\":\"Ambiente-Trauung\"}]},{\"@type\":\"WebSite\",\"@id\":\"https:\/\/www.jaegerhaus-sehlde.de\/#website\",\"url\":\"https:\/\/www.jaegerhaus-sehlde.de\/\",\"name\":\"J\u00e4gerhaus Sehlde\",\"description\":\"\",\"publisher\":{\"@id\":\"https:\/\/www.jaegerhaus-sehlde.de\/#organization\"},\"potentialAction\":[{\"@type\":\"SearchAction\",\"target\":{\"@type\":\"EntryPoint\",\"urlTemplate\":\"https:\/\/www.jaegerhaus-sehlde.de\/?s={search_term_string}\"},\"query-input\":{\"@type\":\"PropertyValueSpecification\",\"valueRequired\":true,\"valueName\":\"search_term_string\"}}],\"inLanguage\":\"de\"},{\"@type\":\"Organization\",\"@id\":\"https:\/\/www.jaegerhaus-sehlde.de\/#organization\",\"name\":\"J\u00e4gerhaus Sehlde\",\"url\":\"https:\/\/www.jaegerhaus-sehlde.de\/\",\"logo\":{\"@type\":\"ImageObject\",\"inLanguage\":\"de\",\"@id\":\"https:\/\/www.jaegerhaus-sehlde.de\/#\/schema\/logo\/image\/\",\"url\":\"https:\/\/www.jaegerhaus-sehlde.de\/wp-content\/uploads\/2022\/03\/logo_ligthgreen.png\",\"contentUrl\":\"https:\/\/www.jaegerhaus-sehlde.de\/wp-content\/uploads\/2022\/03\/logo_ligthgreen.png\",\"width\":1499,\"height\":493,\"caption\":\"J\u00e4gerhaus Sehlde\"},\"image\":{\"@id\":\"https:\/\/www.jaegerhaus-sehlde.de\/#\/schema\/logo\/image\/\"},\"sameAs\":[\"https:\/\/www.facebook.com\/JaegerhausSehlde\/\",\"https:\/\/www.instagram.com\/jaegerhaus_sehlde\/\"]}]}<\/script>\n<!-- \/ Yoast SEO plugin. -->","yoast_head_json":{"title":"Ambiente-Trauung - J\u00e4gerhaus Sehlde","description":"Trauung & Hochzeit im J\u00e4gerhaus Sehlde. Von der einzigartigen Ambiente Trauung bis zur Ausrichtung der Feierlichkeiten.","robots":{"index":"index","follow":"follow","max-snippet":"max-snippet:-1","max-image-preview":"max-image-preview:large","max-video-preview":"max-video-preview:-1"},"canonical":"https:\/\/www.jaegerhaus-sehlde.de\/?page_id=1708","og_locale":"de_DE","og_type":"article","og_title":"Ambiente-Trauung - J\u00e4gerhaus Sehlde","og_description":"Trauung & Hochzeit im J\u00e4gerhaus Sehlde. Von der einzigartigen Ambiente Trauung bis zur Ausrichtung der Feierlichkeiten.","og_url":"https:\/\/www.jaegerhaus-sehlde.de\/?page_id=1708","og_site_name":"J\u00e4gerhaus Sehlde","article_publisher":"https:\/\/www.facebook.com\/JaegerhausSehlde\/","article_modified_time":"2023-01-10T08:23:18+00:00","twitter_card":"summary_large_image","twitter_misc":{"Gesch\u00e4tzte Lesezeit":"1\u00a0Minute"},"schema":{"@context":"https:\/\/schema.org","@graph":[{"@type":"WebPage","@id":"https:\/\/www.jaegerhaus-sehlde.de\/?page_id=1708","url":"https:\/\/www.jaegerhaus-sehlde.de\/?page_id=1708","name":"Ambiente-Trauung - J\u00e4gerhaus Sehlde","isPartOf":{"@id":"https:\/\/www.jaegerhaus-sehlde.de\/#website"},"datePublished":"2022-03-15T13:30:26+00:00","dateModified":"2023-01-10T08:23:18+00:00","description":"Trauung & Hochzeit im J\u00e4gerhaus Sehlde. Von der einzigartigen Ambiente Trauung bis zur Ausrichtung der Feierlichkeiten.","breadcrumb":{"@id":"https:\/\/www.jaegerhaus-sehlde.de\/?page_id=1708#breadcrumb"},"inLanguage":"de","potentialAction":[{"@type":"ReadAction","target":["https:\/\/www.jaegerhaus-sehlde.de\/?page_id=1708"]}]},{"@type":"BreadcrumbList","@id":"https:\/\/www.jaegerhaus-sehlde.de\/?page_id=1708#breadcrumb","itemListElement":[{"@type":"ListItem","position":1,"name":"Startseite","item":"https:\/\/www.jaegerhaus-sehlde.de\/"},{"@type":"ListItem","position":2,"name":"Ambiente-Trauung"}]},{"@type":"WebSite","@id":"https:\/\/www.jaegerhaus-sehlde.de\/#website","url":"https:\/\/www.jaegerhaus-sehlde.de\/","name":"J\u00e4gerhaus Sehlde","description":"","publisher":{"@id":"https:\/\/www.jaegerhaus-sehlde.de\/#organization"},"potentialAction":[{"@type":"SearchAction","target":{"@type":"EntryPoint","urlTemplate":"https:\/\/www.jaegerhaus-sehlde.de\/?s={search_term_string}"},"query-input":{"@type":"PropertyValueSpecification","valueRequired":true,"valueName":"search_term_string"}}],"inLanguage":"de"},{"@type":"Organization","@id":"https:\/\/www.jaegerhaus-sehlde.de\/#organization","name":"J\u00e4gerhaus Sehlde","url":"https:\/\/www.jaegerhaus-sehlde.de\/","logo":{"@type":"ImageObject","inLanguage":"de","@id":"https:\/\/www.jaegerhaus-sehlde.de\/#\/schema\/logo\/image\/","url":"https:\/\/www.jaegerhaus-sehlde.de\/wp-content\/uploads\/2022\/03\/logo_ligthgreen.png","contentUrl":"https:\/\/www.jaegerhaus-sehlde.de\/wp-content\/uploads\/2022\/03\/logo_ligthgreen.png","width":1499,"height":493,"caption":"J\u00e4gerhaus Sehlde"},"image":{"@id":"https:\/\/www.jaegerhaus-sehlde.de\/#\/schema\/logo\/image\/"},"sameAs":["https:\/\/www.facebook.com\/JaegerhausSehlde\/","https:\/\/www.instagram.com\/jaegerhaus_sehlde\/"]}]}},"rttpg_featured_image_url":null,"rttpg_author":{"display_name":"Administrator","author_link":"https:\/\/www.jaegerhaus-sehlde.de\/?author=1"},"rttpg_comment":0,"rttpg_category":null,"rttpg_excerpt":"Sie m\u00f6chten sich standesamtlich trauen lassen? Wir freuen uns, dass wir Ihnen f\u00fcr dieses wichtige Ereignis in Ihrem Leben die Nutzung des J\u00e4gerhauses anbieten k\u00f6nnen. Das Geb\u00e4ude ist in den letzten Jahren aufwendig\u00a0restauriert worden und ist f\u00fcr die\u00a0Durchf\u00fchrung von\u00a0Ambiente-Trauungen sehr gut geeignet.\u00a0 Die Vornahme der Trauung erfolgt durch das Standesamt Baddeckenstedt und ist somit rechtlich\u00a0gesichert&hellip;","_links":{"self":[{"href":"https:\/\/www.jaegerhaus-sehlde.de\/index.php?rest_route=\/wp\/v2\/pages\/1708","targetHints":{"allow":["GET"]}}],"collection":[{"href":"https:\/\/www.jaegerhaus-sehlde.de\/index.php?rest_route=\/wp\/v2\/pages"}],"about":[{"href":"https:\/\/www.jaegerhaus-sehlde.de\/index.php?rest_route=\/wp\/v2\/types\/page"}],"author":[{"embeddable":true,"href":"https:\/\/www.jaegerhaus-sehlde.de\/index.php?rest_route=\/wp\/v2\/users\/1"}],"replies":[{"embeddable":true,"href":"https:\/\/www.jaegerhaus-sehlde.de\/index.php?rest_route=%2Fwp%2Fv2%2Fcomments&post=1708"}],"version-history":[{"count":7,"href":"https:\/\/www.jaegerhaus-sehlde.de\/index.php?rest_route=\/wp\/v2\/pages\/1708\/revisions"}],"predecessor-version":[{"id":2016,"href":"https:\/\/www.jaegerhaus-sehlde.de\/index.php?rest_route=\/wp\/v2\/pages\/1708\/revisions\/2016"}],"wp:attachment":[{"href":"https:\/\/www.jaegerhaus-sehlde.de\/index.php?rest_route=%2Fwp%2Fv2%2Fmedia&parent=1708"}],"curies":[{"name":"wp","href":"https:\/\/api.w.org\/{rel}","templated":true}]}}