{"id":1055,"date":"2017-01-23T15:02:28","date_gmt":"2017-01-23T14:02:28","guid":{"rendered":"http:\/\/www.jaegerhaus-sehlde.de\/?page_id=1055"},"modified":"2024-08-22T13:07:06","modified_gmt":"2024-08-22T11:07:06","slug":"anfahrtkontakt","status":"publish","type":"page","link":"https:\/\/www.jaegerhaus-sehlde.de\/?page_id=1055","title":{"rendered":"Buchung\/Kontakt"},"content":{"rendered":"\n<p><strong>Buchung von R\u00e4umlichkeiten<\/strong><\/p>\n\n\n\n<p>F\u00fcr Ihre Buchungsw\u00fcnsche und alle Fragen rund um das J\u00e4gerhaus steht Ihnen als Ansprechpartner Bodo Mahns zur Verf\u00fcgung.<\/p>\n\n\n\n<p><strong>Tel.<\/strong>&nbsp;0 53 83 &#8211; 22 19 808<\/p>\n\n\n\n<p><strong>E-Mail:<\/strong>&nbsp;<a class=\"\" href=\"mailto:info@jaegerhaus-sehlde.de\">info@jaegerhaus-sehlde.de<\/a><\/p>\n\n\n\n<p><br><br><\/p>\n\n\n\n<h4 class=\"wp-block-heading\"><strong>Buchung von Service und Bewirtschaftung<\/strong><\/h4>\n\n\n\n<div class=\"wp-block-group\"><div class=\"wp-block-group__inner-container is-layout-flow wp-block-group-is-layout-flow\">\n<p>Die gastronomische Betreuung, Service, Planung und Ausf\u00fchrung von Ausstattung und Dekoration, sowie die Reinigung erfolgt durch die<\/p>\n\n\n\n<div class=\"wp-block-group\"><div class=\"wp-block-group__inner-container is-layout-flow wp-block-group-is-layout-flow\">\n<p><strong>K-Catering GmbH<\/strong><\/p>\n\n\n\n<p>Gesch\u00e4ftsf\u00fchrer: Sascha Klingebiel<br>Rohrwiese 35<br>38685 Langelsheim &#8211; Wolfshagen im Harz<br><strong>Tel.<\/strong> 0175 \/ 293 6 777<br><strong>E-Mail:<\/strong> info@k-catering.de<br><a href=\"http:\/\/www.k-catering.de\" target=\"_blank\" rel=\"noreferrer noopener\">www.k-catering.de<\/a><\/p>\n<\/div><\/div>\n\n\n\n<p>Diese Leistungen sind separat bei der Firma K-Catering GmbH zu buchen.<br><br><br><\/p>\n<\/div><\/div>\n","protected":false},"excerpt":{"rendered":"<p>Buchung von R\u00e4umlichkeiten F\u00fcr Ihre Buchungsw\u00fcnsche und alle Fragen rund um das J\u00e4gerhaus steht Ihnen als Ansprechpartner Bodo Mahns zur Verf\u00fcgung. Tel.&nbsp;0 53 83 &#8211; 22 19 808 E-Mail:&nbsp;info@jaegerhaus-sehlde.de Buchung von Service und Bewirtschaftung Die gastronomische Betreuung, Service, Planung und Ausf\u00fchrung von Ausstattung und Dekoration, sowie die Reinigung erfolgt durch die K-Catering GmbH Gesch\u00e4ftsf\u00fchrer: Sascha [&hellip;]<\/p>\n","protected":false},"author":1,"featured_media":0,"parent":0,"menu_order":0,"comment_status":"closed","ping_status":"closed","template":"","meta":{"footnotes":""},"class_list":["post-1055","page","type-page","status-publish","hentry"],"yoast_head":"<!-- This site is optimized with the Yoast SEO plugin v27.0 - https:\/\/yoast.com\/product\/yoast-seo-wordpress\/ -->\n<title>Buchung\/Kontakt - J\u00e4gerhaus Sehlde<\/title>\n<meta name=\"robots\" content=\"index, follow, max-snippet:-1, max-image-preview:large, max-video-preview:-1\" \/>\n<link rel=\"canonical\" href=\"https:\/\/www.jaegerhaus-sehlde.de\/?page_id=1055\" \/>\n<meta property=\"og:locale\" content=\"de_DE\" \/>\n<meta property=\"og:type\" content=\"article\" \/>\n<meta property=\"og:title\" content=\"Buchung\/Kontakt - J\u00e4gerhaus Sehlde\" \/>\n<meta property=\"og:description\" content=\"Buchung von R\u00e4umlichkeiten F\u00fcr Ihre Buchungsw\u00fcnsche und alle Fragen rund um das J\u00e4gerhaus steht Ihnen als Ansprechpartner Bodo Mahns zur Verf\u00fcgung. Tel.&nbsp;0 53 83 &#8211; 22 19 808 E-Mail:&nbsp;info@jaegerhaus-sehlde.de Buchung von Service und Bewirtschaftung Die gastronomische Betreuung, Service, Planung und Ausf\u00fchrung von Ausstattung und Dekoration, sowie die Reinigung erfolgt durch die K-Catering GmbH Gesch\u00e4ftsf\u00fchrer: Sascha [&hellip;]\" \/>\n<meta property=\"og:url\" content=\"https:\/\/www.jaegerhaus-sehlde.de\/?page_id=1055\" \/>\n<meta property=\"og:site_name\" content=\"J\u00e4gerhaus Sehlde\" \/>\n<meta property=\"article:publisher\" content=\"https:\/\/www.facebook.com\/JaegerhausSehlde\/\" \/>\n<meta property=\"article:modified_time\" content=\"2024-08-22T11:07:06+00:00\" \/>\n<meta name=\"twitter:card\" content=\"summary_large_image\" \/>\n<meta name=\"twitter:label1\" content=\"Gesch\u00e4tzte Lesezeit\" \/>\n\t<meta name=\"twitter:data1\" content=\"1\u00a0Minute\" \/>\n<script type=\"application\/ld+json\" class=\"yoast-schema-graph\">{\"@context\":\"https:\/\/schema.org\",\"@graph\":[{\"@type\":\"WebPage\",\"@id\":\"https:\/\/www.jaegerhaus-sehlde.de\/?page_id=1055\",\"url\":\"https:\/\/www.jaegerhaus-sehlde.de\/?page_id=1055\",\"name\":\"Buchung\/Kontakt - J\u00e4gerhaus Sehlde\",\"isPartOf\":{\"@id\":\"https:\/\/www.jaegerhaus-sehlde.de\/#website\"},\"datePublished\":\"2017-01-23T14:02:28+00:00\",\"dateModified\":\"2024-08-22T11:07:06+00:00\",\"breadcrumb\":{\"@id\":\"https:\/\/www.jaegerhaus-sehlde.de\/?page_id=1055#breadcrumb\"},\"inLanguage\":\"de\",\"potentialAction\":[{\"@type\":\"ReadAction\",\"target\":[\"https:\/\/www.jaegerhaus-sehlde.de\/?page_id=1055\"]}]},{\"@type\":\"BreadcrumbList\",\"@id\":\"https:\/\/www.jaegerhaus-sehlde.de\/?page_id=1055#breadcrumb\",\"itemListElement\":[{\"@type\":\"ListItem\",\"position\":1,\"name\":\"Startseite\",\"item\":\"https:\/\/www.jaegerhaus-sehlde.de\/\"},{\"@type\":\"ListItem\",\"position\":2,\"name\":\"Buchung\/Kontakt\"}]},{\"@type\":\"WebSite\",\"@id\":\"https:\/\/www.jaegerhaus-sehlde.de\/#website\",\"url\":\"https:\/\/www.jaegerhaus-sehlde.de\/\",\"name\":\"J\u00e4gerhaus Sehlde\",\"description\":\"\",\"publisher\":{\"@id\":\"https:\/\/www.jaegerhaus-sehlde.de\/#organization\"},\"potentialAction\":[{\"@type\":\"SearchAction\",\"target\":{\"@type\":\"EntryPoint\",\"urlTemplate\":\"https:\/\/www.jaegerhaus-sehlde.de\/?s={search_term_string}\"},\"query-input\":{\"@type\":\"PropertyValueSpecification\",\"valueRequired\":true,\"valueName\":\"search_term_string\"}}],\"inLanguage\":\"de\"},{\"@type\":\"Organization\",\"@id\":\"https:\/\/www.jaegerhaus-sehlde.de\/#organization\",\"name\":\"J\u00e4gerhaus Sehlde\",\"url\":\"https:\/\/www.jaegerhaus-sehlde.de\/\",\"logo\":{\"@type\":\"ImageObject\",\"inLanguage\":\"de\",\"@id\":\"https:\/\/www.jaegerhaus-sehlde.de\/#\/schema\/logo\/image\/\",\"url\":\"https:\/\/www.jaegerhaus-sehlde.de\/wp-content\/uploads\/2022\/03\/logo_ligthgreen.png\",\"contentUrl\":\"https:\/\/www.jaegerhaus-sehlde.de\/wp-content\/uploads\/2022\/03\/logo_ligthgreen.png\",\"width\":1499,\"height\":493,\"caption\":\"J\u00e4gerhaus Sehlde\"},\"image\":{\"@id\":\"https:\/\/www.jaegerhaus-sehlde.de\/#\/schema\/logo\/image\/\"},\"sameAs\":[\"https:\/\/www.facebook.com\/JaegerhausSehlde\/\",\"https:\/\/www.instagram.com\/jaegerhaus_sehlde\/\"]}]}<\/script>\n<!-- \/ Yoast SEO plugin. -->","yoast_head_json":{"title":"Buchung\/Kontakt - J\u00e4gerhaus Sehlde","robots":{"index":"index","follow":"follow","max-snippet":"max-snippet:-1","max-image-preview":"max-image-preview:large","max-video-preview":"max-video-preview:-1"},"canonical":"https:\/\/www.jaegerhaus-sehlde.de\/?page_id=1055","og_locale":"de_DE","og_type":"article","og_title":"Buchung\/Kontakt - J\u00e4gerhaus Sehlde","og_description":"Buchung von R\u00e4umlichkeiten F\u00fcr Ihre Buchungsw\u00fcnsche und alle Fragen rund um das J\u00e4gerhaus steht Ihnen als Ansprechpartner Bodo Mahns zur Verf\u00fcgung. Tel.&nbsp;0 53 83 &#8211; 22 19 808 E-Mail:&nbsp;info@jaegerhaus-sehlde.de Buchung von Service und Bewirtschaftung Die gastronomische Betreuung, Service, Planung und Ausf\u00fchrung von Ausstattung und Dekoration, sowie die Reinigung erfolgt durch die K-Catering GmbH Gesch\u00e4ftsf\u00fchrer: Sascha [&hellip;]","og_url":"https:\/\/www.jaegerhaus-sehlde.de\/?page_id=1055","og_site_name":"J\u00e4gerhaus Sehlde","article_publisher":"https:\/\/www.facebook.com\/JaegerhausSehlde\/","article_modified_time":"2024-08-22T11:07:06+00:00","twitter_card":"summary_large_image","twitter_misc":{"Gesch\u00e4tzte Lesezeit":"1\u00a0Minute"},"schema":{"@context":"https:\/\/schema.org","@graph":[{"@type":"WebPage","@id":"https:\/\/www.jaegerhaus-sehlde.de\/?page_id=1055","url":"https:\/\/www.jaegerhaus-sehlde.de\/?page_id=1055","name":"Buchung\/Kontakt - J\u00e4gerhaus Sehlde","isPartOf":{"@id":"https:\/\/www.jaegerhaus-sehlde.de\/#website"},"datePublished":"2017-01-23T14:02:28+00:00","dateModified":"2024-08-22T11:07:06+00:00","breadcrumb":{"@id":"https:\/\/www.jaegerhaus-sehlde.de\/?page_id=1055#breadcrumb"},"inLanguage":"de","potentialAction":[{"@type":"ReadAction","target":["https:\/\/www.jaegerhaus-sehlde.de\/?page_id=1055"]}]},{"@type":"BreadcrumbList","@id":"https:\/\/www.jaegerhaus-sehlde.de\/?page_id=1055#breadcrumb","itemListElement":[{"@type":"ListItem","position":1,"name":"Startseite","item":"https:\/\/www.jaegerhaus-sehlde.de\/"},{"@type":"ListItem","position":2,"name":"Buchung\/Kontakt"}]},{"@type":"WebSite","@id":"https:\/\/www.jaegerhaus-sehlde.de\/#website","url":"https:\/\/www.jaegerhaus-sehlde.de\/","name":"J\u00e4gerhaus Sehlde","description":"","publisher":{"@id":"https:\/\/www.jaegerhaus-sehlde.de\/#organization"},"potentialAction":[{"@type":"SearchAction","target":{"@type":"EntryPoint","urlTemplate":"https:\/\/www.jaegerhaus-sehlde.de\/?s={search_term_string}"},"query-input":{"@type":"PropertyValueSpecification","valueRequired":true,"valueName":"search_term_string"}}],"inLanguage":"de"},{"@type":"Organization","@id":"https:\/\/www.jaegerhaus-sehlde.de\/#organization","name":"J\u00e4gerhaus Sehlde","url":"https:\/\/www.jaegerhaus-sehlde.de\/","logo":{"@type":"ImageObject","inLanguage":"de","@id":"https:\/\/www.jaegerhaus-sehlde.de\/#\/schema\/logo\/image\/","url":"https:\/\/www.jaegerhaus-sehlde.de\/wp-content\/uploads\/2022\/03\/logo_ligthgreen.png","contentUrl":"https:\/\/www.jaegerhaus-sehlde.de\/wp-content\/uploads\/2022\/03\/logo_ligthgreen.png","width":1499,"height":493,"caption":"J\u00e4gerhaus Sehlde"},"image":{"@id":"https:\/\/www.jaegerhaus-sehlde.de\/#\/schema\/logo\/image\/"},"sameAs":["https:\/\/www.facebook.com\/JaegerhausSehlde\/","https:\/\/www.instagram.com\/jaegerhaus_sehlde\/"]}]}},"rttpg_featured_image_url":null,"rttpg_author":{"display_name":"Administrator","author_link":"https:\/\/www.jaegerhaus-sehlde.de\/?author=1"},"rttpg_comment":0,"rttpg_category":null,"rttpg_excerpt":"Buchung von R\u00e4umlichkeiten F\u00fcr Ihre Buchungsw\u00fcnsche und alle Fragen rund um das J\u00e4gerhaus steht Ihnen als Ansprechpartner Bodo Mahns zur Verf\u00fcgung. Tel.&nbsp;0 53 83 &#8211; 22 19 808 E-Mail:&nbsp;info@jaegerhaus-sehlde.de Buchung von Service und Bewirtschaftung Die gastronomische Betreuung, Service, Planung und Ausf\u00fchrung von Ausstattung und Dekoration, sowie die Reinigung erfolgt durch die K-Catering GmbH Gesch\u00e4ftsf\u00fchrer: Sascha&hellip;","_links":{"self":[{"href":"https:\/\/www.jaegerhaus-sehlde.de\/index.php?rest_route=\/wp\/v2\/pages\/1055","targetHints":{"allow":["GET"]}}],"collection":[{"href":"https:\/\/www.jaegerhaus-sehlde.de\/index.php?rest_route=\/wp\/v2\/pages"}],"about":[{"href":"https:\/\/www.jaegerhaus-sehlde.de\/index.php?rest_route=\/wp\/v2\/types\/page"}],"author":[{"embeddable":true,"href":"https:\/\/www.jaegerhaus-sehlde.de\/index.php?rest_route=\/wp\/v2\/users\/1"}],"replies":[{"embeddable":true,"href":"https:\/\/www.jaegerhaus-sehlde.de\/index.php?rest_route=%2Fwp%2Fv2%2Fcomments&post=1055"}],"version-history":[{"count":31,"href":"https:\/\/www.jaegerhaus-sehlde.de\/index.php?rest_route=\/wp\/v2\/pages\/1055\/revisions"}],"predecessor-version":[{"id":2182,"href":"https:\/\/www.jaegerhaus-sehlde.de\/index.php?rest_route=\/wp\/v2\/pages\/1055\/revisions\/2182"}],"wp:attachment":[{"href":"https:\/\/www.jaegerhaus-sehlde.de\/index.php?rest_route=%2Fwp%2Fv2%2Fmedia&parent=1055"}],"curies":[{"name":"wp","href":"https:\/\/api.w.org\/{rel}","templated":true}]}}